{"id":269,"date":"2025-08-18T15:28:31","date_gmt":"2025-08-18T13:28:31","guid":{"rendered":"http:\/\/lestherapiesdeugenie.com\/?page_id=269"},"modified":"2025-09-24T15:57:46","modified_gmt":"2025-09-24T13:57:46","slug":"hypnose","status":"publish","type":"page","link":"http:\/\/lestherapiesdeugenie.com\/?page_id=269","title":{"rendered":"Hypnose"},"content":{"rendered":"\t\t<div data-elementor-type=\"wp-page\" data-elementor-id=\"269\" class=\"elementor elementor-269\">\n\t\t\t\t<div class=\"elementor-element elementor-element-f342e27 e-flex e-con-boxed wpr-particle-no wpr-jarallax-no wpr-parallax-no wpr-sticky-section-no e-con e-parent\" data-id=\"f342e27\" data-element_type=\"container\" data-settings=\"{&quot;background_background&quot;:&quot;classic&quot;}\">\n\t\t\t\t\t<div class=\"e-con-inner\">\n\t\t\t\t\t<\/div>\n\t\t\t\t<\/div>\n\t\t<div class=\"elementor-element elementor-element-12ed124 e-flex e-con-boxed wpr-particle-no wpr-jarallax-no wpr-parallax-no wpr-sticky-section-no e-con e-parent\" data-id=\"12ed124\" data-element_type=\"container\">\n\t\t\t\t\t<div class=\"e-con-inner\">\n\t\t<div class=\"elementor-element elementor-element-56e4b88 e-con-full e-flex wpr-particle-no wpr-jarallax-no wpr-parallax-no wpr-sticky-section-no e-con e-child\" data-id=\"56e4b88\" data-element_type=\"container\">\n\t\t\t\t<div class=\"elementor-element elementor-element-314774d elementor-widget elementor-widget-heading\" data-id=\"314774d\" data-element_type=\"widget\" data-widget_type=\"heading.default\">\n\t\t\t\t<div class=\"elementor-widget-container\">\n\t\t\t\t\t<h2 class=\"elementor-heading-title elementor-size-default\">Hypnose<\/h2>\t\t\t\t<\/div>\n\t\t\t\t<\/div>\n\t\t\t\t<div class=\"elementor-element elementor-element-00d2d71 elementor-widget elementor-widget-heading\" data-id=\"00d2d71\" data-element_type=\"widget\" data-widget_type=\"heading.default\">\n\t\t\t\t<div class=\"elementor-widget-container\">\n\t\t\t\t\t<h4 class=\"elementor-heading-title elementor-size-default\">Acc\u00e9der \u00e0 l\u2019inconscient pour transformer durablement<\/h4>\t\t\t\t<\/div>\n\t\t\t\t<\/div>\n\t\t\t\t<div class=\"elementor-element elementor-element-a13c35c elementor-widget elementor-widget-text-editor\" data-id=\"a13c35c\" data-element_type=\"widget\" data-widget_type=\"text-editor.default\">\n\t\t\t\t<div class=\"elementor-widget-container\">\n\t\t\t\t\t\t\t\t\t<p>L\u2019<strong data-start=\"1568\" data-end=\"1579\">hypnose<\/strong> permet de rel\u00e2cher le mental et d\u2019acc\u00e9der \u00e0 l\u2019inconscient, l\u00e0 o\u00f9 se logent nos automatismes et croyances profondes.<\/p><p><br data-start=\"1695\" data-end=\"1698\" \/>La <strong data-start=\"1701\" data-end=\"1720\">1\u02b3\u1d49 s\u00e9ance (2h)<\/strong> commence par un questionnaire pr\u00e9cis pour explorer vos ressources et blocages, puis une mise en hypnose non sp\u00e9cifique pour effectuer un premier tri.<br data-start=\"1870\" data-end=\"1873\" \/>15 jours plus tard, un script personnalis\u00e9 est utilis\u00e9 pour votre probl\u00e9matique.<\/p><p><br data-start=\"1953\" data-end=\"1956\" \/>Les s\u00e9ances se font <strong data-start=\"1976\" data-end=\"2010\">habill\u00e9\u00b7e, couch\u00e9\u00b7e ou assis\u00b7e<\/strong>.<br data-start=\"2011\" data-end=\"2014\" \/>Les effets continuent d\u2019\u00e9voluer apr\u00e8s la s\u00e9ance.<\/p>\t\t\t\t\t\t\t\t<\/div>\n\t\t\t\t<\/div>\n\t\t\t\t<\/div>\n\t\t<div class=\"elementor-element elementor-element-4af39b7 e-con-full e-flex wpr-particle-no wpr-jarallax-no wpr-parallax-no wpr-sticky-section-no e-con e-child\" data-id=\"4af39b7\" data-element_type=\"container\">\n\t\t\t\t<div class=\"elementor-element elementor-element-26bb699 wpr-price-list-old-position-before elementor-widget elementor-widget-wpr-price-list\" data-id=\"26bb699\" data-element_type=\"widget\" data-widget_type=\"wpr-price-list.default\">\n\t\t\t\t<div class=\"elementor-widget-container\">\n\t\t\t\t\t\n\t\t<div class=\"wpr-price-list\">\n\t\t\t\n\t\t\t\n\t\t\t\t<div class=\"wpr-price-list-item elementor-repeater-item-2779ad7 elementor-clearfix\">\n\t\t\t\t\t\t\t\n\t\t\t\t\n\t\t\t\t\t<div class=\"wpr-price-list-content\">\n\t\t\t\t\t\t\n\t\t\t\t\t\t<div class=\"wpr-price-list-heading\">\n\t\t\t\t\t\t\t\n\t\t\t\t\t\t\t\t\t\t\t\t\t\t\t\n\t\t\t\t\t\t\t<span class=\"wpr-price-list-title\">S\u00e9ance<\/span>\t\t\t\t\t\t\t\n\t\t\t\t\t\t\t\t\t\t\t\t\t\t\n\t\t\t\t\t\t\t\t\t\t\t\t\t\n\t\t\t\t\t\t\t\t<span class=\"wpr-price-list-separator\"><\/span>\n\t\t\t\t\t\t\t\n\t\t\t\t\t\t\t\t\t\t\t\t\t\t\t<span class=\"wpr-price-list-price-wrap\">\n\t\t\t\t\t\t\t\t\t\t\n\t\t\t\t\t\t\t\t\t<span class=\"wpr-price-list-price\">70\u20ac<\/span>\n\t\t\t\t\t\t\t\t\t\n\t\t\t\t\t\t\t\t\t\t\t\t\t\t\t\t\t<\/span>\n\t\t\t\t\t\t\t\n\t\t\t\t\t\t<\/div>\n\t\t\t\t\t\t\n\t\t\t\t\t\t\t\t\t\t\t\t\t<div class=\"wpr-price-list-description\">Dur\u00e9e de la s\u00e9ance 2h<\/div>\n\t\t\t\t\t\t\t\t\t\t\t<\/div>\n\n\t\t\t\t<\/div>\n\n\t\t\t\t\t\t<\/div>\n\t\t\t\t\t\t<\/div>\n\t\t\t\t<\/div>\n\t\t\t\t<div class=\"elementor-element elementor-element-c88c976 elementor-widget elementor-widget-text-editor\" data-id=\"c88c976\" data-element_type=\"widget\" data-widget_type=\"text-editor.default\">\n\t\t\t\t<div class=\"elementor-widget-container\">\n\t\t\t\t\t\t\t\t\t<p>Tarifs solidaires ou facilit\u00e9s de paiement possibles pour les personnes en difficult\u00e9 financi\u00e8re, en arr\u00eat maladie, invalidit\u00e9 ou situation de handicap afin de garantir l\u2019acc\u00e8s au bien-\u00eatre pour tous.<\/p>\t\t\t\t\t\t\t\t<\/div>\n\t\t\t\t<\/div>\n\t\t\t\t<\/div>\n\t\t\t\t\t<\/div>\n\t\t\t\t<\/div>\n\t\t<div class=\"elementor-element elementor-element-085a52b e-flex e-con-boxed wpr-particle-no wpr-jarallax-no wpr-parallax-no wpr-sticky-section-no e-con e-parent\" data-id=\"085a52b\" data-element_type=\"container\" data-settings=\"{&quot;background_background&quot;:&quot;classic&quot;,&quot;shape_divider_top&quot;:&quot;opacity-tilt&quot;,&quot;shape_divider_bottom&quot;:&quot;opacity-tilt&quot;}\">\n\t\t\t\t\t<div class=\"e-con-inner\">\n\t\t\t\t<div class=\"elementor-shape elementor-shape-top\" aria-hidden=\"true\" data-negative=\"false\">\n\t\t\t<svg xmlns=\"http:\/\/www.w3.org\/2000\/svg\" viewBox=\"0 0 2600 131.1\" preserveAspectRatio=\"none\">\n\t<path class=\"elementor-shape-fill\" d=\"M0 0L2600 0 2600 69.1 0 0z\"\/>\n\t<path class=\"elementor-shape-fill\" style=\"opacity:0.5\" d=\"M0 0L2600 0 2600 69.1 0 69.1z\"\/>\n\t<path class=\"elementor-shape-fill\" style=\"opacity:0.25\" d=\"M2600 0L0 0 0 130.1 2600 69.1z\"\/>\n<\/svg>\t\t<\/div>\n\t\t\t\t<div class=\"elementor-shape elementor-shape-bottom\" aria-hidden=\"true\" data-negative=\"false\">\n\t\t\t<svg xmlns=\"http:\/\/www.w3.org\/2000\/svg\" viewBox=\"0 0 2600 131.1\" preserveAspectRatio=\"none\">\n\t<path class=\"elementor-shape-fill\" d=\"M0 0L2600 0 2600 69.1 0 0z\"\/>\n\t<path class=\"elementor-shape-fill\" style=\"opacity:0.5\" d=\"M0 0L2600 0 2600 69.1 0 69.1z\"\/>\n\t<path class=\"elementor-shape-fill\" style=\"opacity:0.25\" d=\"M2600 0L0 0 0 130.1 2600 69.1z\"\/>\n<\/svg>\t\t<\/div>\n\t\t\t\t<div class=\"elementor-element elementor-element-4141a83 elementor-widget elementor-widget-testimonial\" data-id=\"4141a83\" data-element_type=\"widget\" data-widget_type=\"testimonial.default\">\n\t\t\t\t<div class=\"elementor-widget-container\">\n\t\t\t\t\t\t\t<div class=\"elementor-testimonial-wrapper\">\n\t\t\t\t\t\t\t<div class=\"elementor-testimonial-content\">\u00ab Chaque personne est capable de partir en hypnose d\u00e8s qu\u2019elle est en confiance et le d\u00e9cide. <br>Je vous guide et vous faites votre propre cheminement. \u00bb<\/div>\n\t\t\t\n\t\t\t\t\t<\/div>\n\t\t\t\t\t\t<\/div>\n\t\t\t\t<\/div>\n\t\t\t\t\t<\/div>\n\t\t\t\t<\/div>\n\t\t<div class=\"elementor-element elementor-element-0d2bc05 e-flex e-con-boxed wpr-particle-no wpr-jarallax-no wpr-parallax-no wpr-sticky-section-no e-con e-parent\" data-id=\"0d2bc05\" data-element_type=\"container\" data-settings=\"{&quot;background_background&quot;:&quot;classic&quot;}\">\n\t\t\t\t\t<div class=\"e-con-inner\">\n\t\t\t\t<div class=\"elementor-element elementor-element-3c4c4cf elementor-widget elementor-widget-heading\" data-id=\"3c4c4cf\" data-element_type=\"widget\" data-widget_type=\"heading.default\">\n\t\t\t\t<div class=\"elementor-widget-container\">\n\t\t\t\t\t<h2 class=\"elementor-heading-title elementor-size-default\">Prendre rendez-vous<\/h2>\t\t\t\t<\/div>\n\t\t\t\t<\/div>\n\t\t\t\t<div class=\"elementor-element elementor-element-1c36825 elementor-widget elementor-widget-text-editor\" data-id=\"1c36825\" data-element_type=\"widget\" data-widget_type=\"text-editor.default\">\n\t\t\t\t<div class=\"elementor-widget-container\">\n\t\t\t\t\t\t\t\t\t<p>Je vous re\u00e7ois <strong data-start=\"243\" data-end=\"273\">sur rendez-vous uniquement<\/strong>, \u00e0 <strong data-start=\"277\" data-end=\"290\">La Ciotat<\/strong>, dans un espace apaisant, confidentiel et propice \u00e0 votre transformation.<br data-start=\"364\" data-end=\"367\" \/>Chaque s\u00e9ance est un moment pour vous reconnecter \u00e0 vous-m\u00eame, en toute bienveillance.<\/p>\t\t\t\t\t\t\t\t<\/div>\n\t\t\t\t<\/div>\n\t\t\t\t<div class=\"elementor-element elementor-element-b24e212 elementor-align-center elementor-widget elementor-widget-button\" data-id=\"b24e212\" data-element_type=\"widget\" data-widget_type=\"button.default\">\n\t\t\t\t<div class=\"elementor-widget-container\">\n\t\t\t\t\t\t\t\t\t<div class=\"elementor-button-wrapper\">\n\t\t\t\t\t<a class=\"elementor-button elementor-button-link elementor-size-sm\" href=\"http:\/\/lestherapiesdeugenie.com\/?page_id=234\u2197\">\n\t\t\t\t\t\t<span class=\"elementor-button-content-wrapper\">\n\t\t\t\t\t\t\t\t\t<span class=\"elementor-button-text\">Contactez-moi<\/span>\n\t\t\t\t\t<\/span>\n\t\t\t\t\t<\/a>\n\t\t\t\t<\/div>\n\t\t\t\t\t\t\t\t<\/div>\n\t\t\t\t<\/div>\n\t\t\t\t\t<\/div>\n\t\t\t\t<\/div>\n\t\t\t\t<\/div>\n\t\t","protected":false},"excerpt":{"rendered":"<p>Hypnose Acc\u00e9der \u00e0 l\u2019inconscient pour transformer durablement L\u2019hypnose permet de rel\u00e2cher le mental et d\u2019acc\u00e9der \u00e0 l\u2019inconscient, l\u00e0 o\u00f9 se logent nos automatismes et croyances profondes. La 1\u02b3\u1d49 s\u00e9ance (2h) commence par un questionnaire pr\u00e9cis pour explorer vos ressources et blocages, puis une mise en hypnose non sp\u00e9cifique pour effectuer un premier tri.15 jours plus tard, un script personnalis\u00e9 est utilis\u00e9 pour votre probl\u00e9matique. Les s\u00e9ances se font habill\u00e9\u00b7e, couch\u00e9\u00b7e ou assis\u00b7e.Les effets continuent d\u2019\u00e9voluer apr\u00e8s la s\u00e9ance. S\u00e9ance 70\u20ac Dur\u00e9e de la s\u00e9ance 2h Tarifs solidaires ou facilit\u00e9s de paiement possibles pour les personnes en difficult\u00e9 financi\u00e8re, en arr\u00eat maladie, invalidit\u00e9 ou situation de handicap afin de garantir l\u2019acc\u00e8s au bien-\u00eatre pour tous. \u00ab Chaque personne est capable de partir en hypnose d\u00e8s qu\u2019elle est en confiance et le d\u00e9cide. Je vous guide et vous faites votre propre cheminement. \u00bb Prendre rendez-vous Je vous re\u00e7ois sur rendez-vous uniquement, \u00e0 La Ciotat, dans un espace apaisant, confidentiel et propice \u00e0 votre transformation.Chaque s\u00e9ance est un moment pour vous reconnecter \u00e0 vous-m\u00eame, en toute bienveillance. Contactez-moi<\/p>\n","protected":false},"author":1,"featured_media":0,"parent":0,"menu_order":0,"comment_status":"closed","ping_status":"closed","template":"elementor_header_footer","meta":{"site-sidebar-layout":"no-sidebar","site-content-layout":"","ast-site-content-layout":"full-width-container","site-content-style":"default","site-sidebar-style":"default","ast-global-header-display":"","ast-banner-title-visibility":"","ast-main-header-display":"","ast-hfb-above-header-display":"","ast-hfb-below-header-display":"","ast-hfb-mobile-header-display":"","site-post-title":"disabled","ast-breadcrumbs-content":"","ast-featured-img":"disabled","footer-sml-layout":"","theme-transparent-header-meta":"","adv-header-id-meta":"","stick-header-meta":"","header-above-stick-meta":"","header-main-stick-meta":"","header-below-stick-meta":"","astra-migrate-meta-layouts":"default","ast-page-background-enabled":"default","ast-page-background-meta":{"desktop":{"background-color":"var(--ast-global-color-5)","background-image":"","background-repeat":"repeat","background-position":"center center","background-size":"auto","background-attachment":"scroll","background-type":"","background-media":"","overlay-type":"","overlay-color":"","overlay-opacity":"","overlay-gradient":""},"tablet":{"background-color":"","background-image":"","background-repeat":"repeat","background-position":"center center","background-size":"auto","background-attachment":"scroll","background-type":"","background-media":"","overlay-type":"","overlay-color":"","overlay-opacity":"","overlay-gradient":""},"mobile":{"background-color":"","background-image":"","background-repeat":"repeat","background-position":"center center","background-size":"auto","background-attachment":"scroll","background-type":"","background-media":"","overlay-type":"","overlay-color":"","overlay-opacity":"","overlay-gradient":""}},"ast-content-background-meta":{"desktop":{"background-color":"var(--ast-global-color-4)","background-image":"","background-repeat":"repeat","background-position":"center center","background-size":"auto","background-attachment":"scroll","background-type":"","background-media":"","overlay-type":"","overlay-color":"","overlay-opacity":"","overlay-gradient":""},"tablet":{"background-color":"var(--ast-global-color-4)","background-image":"","background-repeat":"repeat","background-position":"center center","background-size":"auto","background-attachment":"scroll","background-type":"","background-media":"","overlay-type":"","overlay-color":"","overlay-opacity":"","overlay-gradient":""},"mobile":{"background-color":"var(--ast-global-color-4)","background-image":"","background-repeat":"repeat","background-position":"center center","background-size":"auto","background-attachment":"scroll","background-type":"","background-media":"","overlay-type":"","overlay-color":"","overlay-opacity":"","overlay-gradient":""}},"footnotes":""},"class_list":["post-269","page","type-page","status-publish","hentry"],"yoast_head":"<!-- This site is optimized with the Yoast SEO plugin v26.4 - https:\/\/yoast.com\/wordpress\/plugins\/seo\/ -->\n<title>Hypnose - Les Th\u00e9rapies d&#039;Eug\u00e9nie<\/title>\n<meta name=\"robots\" content=\"index, follow, max-snippet:-1, max-image-preview:large, max-video-preview:-1\" \/>\n<link rel=\"canonical\" href=\"http:\/\/lestherapiesdeugenie.com\/?page_id=269\" \/>\n<meta property=\"og:locale\" content=\"en_US\" \/>\n<meta property=\"og:type\" content=\"article\" \/>\n<meta property=\"og:title\" content=\"Hypnose - Les Th\u00e9rapies d&#039;Eug\u00e9nie\" \/>\n<meta property=\"og:description\" content=\"Hypnose Acc\u00e9der \u00e0 l\u2019inconscient pour transformer durablement L\u2019hypnose permet de rel\u00e2cher le mental et d\u2019acc\u00e9der \u00e0 l\u2019inconscient, l\u00e0 o\u00f9 se logent nos automatismes et croyances profondes. La 1\u02b3\u1d49 s\u00e9ance (2h) commence par un questionnaire pr\u00e9cis pour explorer vos ressources et blocages, puis une mise en hypnose non sp\u00e9cifique pour effectuer un premier tri.15 jours plus tard, un script personnalis\u00e9 est utilis\u00e9 pour votre probl\u00e9matique. Les s\u00e9ances se font habill\u00e9\u00b7e, couch\u00e9\u00b7e ou assis\u00b7e.Les effets continuent d\u2019\u00e9voluer apr\u00e8s la s\u00e9ance. S\u00e9ance 70\u20ac Dur\u00e9e de la s\u00e9ance 2h Tarifs solidaires ou facilit\u00e9s de paiement possibles pour les personnes en difficult\u00e9 financi\u00e8re, en arr\u00eat maladie, invalidit\u00e9 ou situation de handicap afin de garantir l\u2019acc\u00e8s au bien-\u00eatre pour tous. \u00ab Chaque personne est capable de partir en hypnose d\u00e8s qu\u2019elle est en confiance et le d\u00e9cide. Je vous guide et vous faites votre propre cheminement. \u00bb Prendre rendez-vous Je vous re\u00e7ois sur rendez-vous uniquement, \u00e0 La Ciotat, dans un espace apaisant, confidentiel et propice \u00e0 votre transformation.Chaque s\u00e9ance est un moment pour vous reconnecter \u00e0 vous-m\u00eame, en toute bienveillance. Contactez-moi\" \/>\n<meta property=\"og:url\" content=\"http:\/\/lestherapiesdeugenie.com\/?page_id=269\" \/>\n<meta property=\"og:site_name\" content=\"Les Th\u00e9rapies d&#039;Eug\u00e9nie\" \/>\n<meta property=\"article:modified_time\" content=\"2025-09-24T13:57:46+00:00\" \/>\n<meta name=\"twitter:card\" content=\"summary_large_image\" \/>\n<meta name=\"twitter:label1\" content=\"Est. reading time\" \/>\n\t<meta name=\"twitter:data1\" content=\"1 minute\" \/>\n<script type=\"application\/ld+json\" class=\"yoast-schema-graph\">{\"@context\":\"https:\/\/schema.org\",\"@graph\":[{\"@type\":\"WebPage\",\"@id\":\"http:\/\/lestherapiesdeugenie.com\/?page_id=269\",\"url\":\"http:\/\/lestherapiesdeugenie.com\/?page_id=269\",\"name\":\"Hypnose - Les Th\u00e9rapies d&#039;Eug\u00e9nie\",\"isPartOf\":{\"@id\":\"http:\/\/lestherapiesdeugenie.com\/#website\"},\"datePublished\":\"2025-08-18T13:28:31+00:00\",\"dateModified\":\"2025-09-24T13:57:46+00:00\",\"breadcrumb\":{\"@id\":\"http:\/\/lestherapiesdeugenie.com\/?page_id=269#breadcrumb\"},\"inLanguage\":\"en-US\",\"potentialAction\":[{\"@type\":\"ReadAction\",\"target\":[\"http:\/\/lestherapiesdeugenie.com\/?page_id=269\"]}]},{\"@type\":\"BreadcrumbList\",\"@id\":\"http:\/\/lestherapiesdeugenie.com\/?page_id=269#breadcrumb\",\"itemListElement\":[{\"@type\":\"ListItem\",\"position\":1,\"name\":\"Accueil\",\"item\":\"http:\/\/lestherapiesdeugenie.com\/\"},{\"@type\":\"ListItem\",\"position\":2,\"name\":\"Hypnose\"}]},{\"@type\":\"WebSite\",\"@id\":\"http:\/\/lestherapiesdeugenie.com\/#website\",\"url\":\"http:\/\/lestherapiesdeugenie.com\/\",\"name\":\"Les Th\u00e9rapies d&#039;Eug\u00e9nie\",\"description\":\"\",\"publisher\":{\"@id\":\"http:\/\/lestherapiesdeugenie.com\/#organization\"},\"potentialAction\":[{\"@type\":\"SearchAction\",\"target\":{\"@type\":\"EntryPoint\",\"urlTemplate\":\"http:\/\/lestherapiesdeugenie.com\/?s={search_term_string}\"},\"query-input\":{\"@type\":\"PropertyValueSpecification\",\"valueRequired\":true,\"valueName\":\"search_term_string\"}}],\"inLanguage\":\"en-US\"},{\"@type\":\"Organization\",\"@id\":\"http:\/\/lestherapiesdeugenie.com\/#organization\",\"name\":\"Les Th\u00e9rapies d&#039;Eug\u00e9nie\",\"url\":\"http:\/\/lestherapiesdeugenie.com\/\",\"logo\":{\"@type\":\"ImageObject\",\"inLanguage\":\"en-US\",\"@id\":\"http:\/\/lestherapiesdeugenie.com\/#\/schema\/logo\/image\/\",\"url\":\"http:\/\/lestherapiesdeugenie.com\/wp-content\/uploads\/2025\/08\/cropped-logo-signature-les-therapies-deugenie-2-e1754995120415.png\",\"contentUrl\":\"http:\/\/lestherapiesdeugenie.com\/wp-content\/uploads\/2025\/08\/cropped-logo-signature-les-therapies-deugenie-2-e1754995120415.png\",\"width\":562,\"height\":233,\"caption\":\"Les Th\u00e9rapies d&#039;Eug\u00e9nie\"},\"image\":{\"@id\":\"http:\/\/lestherapiesdeugenie.com\/#\/schema\/logo\/image\/\"}}]}<\/script>\n<!-- \/ Yoast SEO plugin. -->","yoast_head_json":{"title":"Hypnose - Les Th\u00e9rapies d&#039;Eug\u00e9nie","robots":{"index":"index","follow":"follow","max-snippet":"max-snippet:-1","max-image-preview":"max-image-preview:large","max-video-preview":"max-video-preview:-1"},"canonical":"http:\/\/lestherapiesdeugenie.com\/?page_id=269","og_locale":"en_US","og_type":"article","og_title":"Hypnose - Les Th\u00e9rapies d&#039;Eug\u00e9nie","og_description":"Hypnose Acc\u00e9der \u00e0 l\u2019inconscient pour transformer durablement L\u2019hypnose permet de rel\u00e2cher le mental et d\u2019acc\u00e9der \u00e0 l\u2019inconscient, l\u00e0 o\u00f9 se logent nos automatismes et croyances profondes. La 1\u02b3\u1d49 s\u00e9ance (2h) commence par un questionnaire pr\u00e9cis pour explorer vos ressources et blocages, puis une mise en hypnose non sp\u00e9cifique pour effectuer un premier tri.15 jours plus tard, un script personnalis\u00e9 est utilis\u00e9 pour votre probl\u00e9matique. Les s\u00e9ances se font habill\u00e9\u00b7e, couch\u00e9\u00b7e ou assis\u00b7e.Les effets continuent d\u2019\u00e9voluer apr\u00e8s la s\u00e9ance. S\u00e9ance 70\u20ac Dur\u00e9e de la s\u00e9ance 2h Tarifs solidaires ou facilit\u00e9s de paiement possibles pour les personnes en difficult\u00e9 financi\u00e8re, en arr\u00eat maladie, invalidit\u00e9 ou situation de handicap afin de garantir l\u2019acc\u00e8s au bien-\u00eatre pour tous. \u00ab Chaque personne est capable de partir en hypnose d\u00e8s qu\u2019elle est en confiance et le d\u00e9cide. Je vous guide et vous faites votre propre cheminement. \u00bb Prendre rendez-vous Je vous re\u00e7ois sur rendez-vous uniquement, \u00e0 La Ciotat, dans un espace apaisant, confidentiel et propice \u00e0 votre transformation.Chaque s\u00e9ance est un moment pour vous reconnecter \u00e0 vous-m\u00eame, en toute bienveillance. Contactez-moi","og_url":"http:\/\/lestherapiesdeugenie.com\/?page_id=269","og_site_name":"Les Th\u00e9rapies d&#039;Eug\u00e9nie","article_modified_time":"2025-09-24T13:57:46+00:00","twitter_card":"summary_large_image","twitter_misc":{"Est. reading time":"1 minute"},"schema":{"@context":"https:\/\/schema.org","@graph":[{"@type":"WebPage","@id":"http:\/\/lestherapiesdeugenie.com\/?page_id=269","url":"http:\/\/lestherapiesdeugenie.com\/?page_id=269","name":"Hypnose - Les Th\u00e9rapies d&#039;Eug\u00e9nie","isPartOf":{"@id":"http:\/\/lestherapiesdeugenie.com\/#website"},"datePublished":"2025-08-18T13:28:31+00:00","dateModified":"2025-09-24T13:57:46+00:00","breadcrumb":{"@id":"http:\/\/lestherapiesdeugenie.com\/?page_id=269#breadcrumb"},"inLanguage":"en-US","potentialAction":[{"@type":"ReadAction","target":["http:\/\/lestherapiesdeugenie.com\/?page_id=269"]}]},{"@type":"BreadcrumbList","@id":"http:\/\/lestherapiesdeugenie.com\/?page_id=269#breadcrumb","itemListElement":[{"@type":"ListItem","position":1,"name":"Accueil","item":"http:\/\/lestherapiesdeugenie.com\/"},{"@type":"ListItem","position":2,"name":"Hypnose"}]},{"@type":"WebSite","@id":"http:\/\/lestherapiesdeugenie.com\/#website","url":"http:\/\/lestherapiesdeugenie.com\/","name":"Les Th\u00e9rapies d&#039;Eug\u00e9nie","description":"","publisher":{"@id":"http:\/\/lestherapiesdeugenie.com\/#organization"},"potentialAction":[{"@type":"SearchAction","target":{"@type":"EntryPoint","urlTemplate":"http:\/\/lestherapiesdeugenie.com\/?s={search_term_string}"},"query-input":{"@type":"PropertyValueSpecification","valueRequired":true,"valueName":"search_term_string"}}],"inLanguage":"en-US"},{"@type":"Organization","@id":"http:\/\/lestherapiesdeugenie.com\/#organization","name":"Les Th\u00e9rapies d&#039;Eug\u00e9nie","url":"http:\/\/lestherapiesdeugenie.com\/","logo":{"@type":"ImageObject","inLanguage":"en-US","@id":"http:\/\/lestherapiesdeugenie.com\/#\/schema\/logo\/image\/","url":"http:\/\/lestherapiesdeugenie.com\/wp-content\/uploads\/2025\/08\/cropped-logo-signature-les-therapies-deugenie-2-e1754995120415.png","contentUrl":"http:\/\/lestherapiesdeugenie.com\/wp-content\/uploads\/2025\/08\/cropped-logo-signature-les-therapies-deugenie-2-e1754995120415.png","width":562,"height":233,"caption":"Les Th\u00e9rapies d&#039;Eug\u00e9nie"},"image":{"@id":"http:\/\/lestherapiesdeugenie.com\/#\/schema\/logo\/image\/"}}]}},"_links":{"self":[{"href":"http:\/\/lestherapiesdeugenie.com\/index.php?rest_route=\/wp\/v2\/pages\/269","targetHints":{"allow":["GET"]}}],"collection":[{"href":"http:\/\/lestherapiesdeugenie.com\/index.php?rest_route=\/wp\/v2\/pages"}],"about":[{"href":"http:\/\/lestherapiesdeugenie.com\/index.php?rest_route=\/wp\/v2\/types\/page"}],"author":[{"embeddable":true,"href":"http:\/\/lestherapiesdeugenie.com\/index.php?rest_route=\/wp\/v2\/users\/1"}],"replies":[{"embeddable":true,"href":"http:\/\/lestherapiesdeugenie.com\/index.php?rest_route=%2Fwp%2Fv2%2Fcomments&post=269"}],"version-history":[{"count":34,"href":"http:\/\/lestherapiesdeugenie.com\/index.php?rest_route=\/wp\/v2\/pages\/269\/revisions"}],"predecessor-version":[{"id":681,"href":"http:\/\/lestherapiesdeugenie.com\/index.php?rest_route=\/wp\/v2\/pages\/269\/revisions\/681"}],"wp:attachment":[{"href":"http:\/\/lestherapiesdeugenie.com\/index.php?rest_route=%2Fwp%2Fv2%2Fmedia&parent=269"}],"curies":[{"name":"wp","href":"https:\/\/api.w.org\/{rel}","templated":true}]}}